{"id":11,"date":"2016-05-14T21:23:36","date_gmt":"2016-05-14T21:23:36","guid":{"rendered":"http:\/\/sialtamira.com\/?page_id=11"},"modified":"2025-11-26T22:06:51","modified_gmt":"2025-11-26T22:06:51","slug":"servicios","status":"publish","type":"page","link":"https:\/\/sialtamira.com\/?page_id=11","title":{"rendered":"Servicios"},"content":{"rendered":"<div class=\"wp-block-image is-style-default\">\n<figure class=\"aligncenter\"><a href=\"http:\/\/sialtamira.com\/wp-content\/uploads\/2016\/05\/images-2-e1493320256586.jpg\"><img loading=\"lazy\" decoding=\"async\" width=\"299\" height=\"168\" src=\"http:\/\/sialtamira.com\/wp-content\/uploads\/2016\/05\/images-2-e1493320256586.jpg\" alt=\"images (2)\" class=\"wp-image-136\" style=\"object-fit:cover\"\/><\/a><\/figure><\/div>\n\n\n<p><\/p>\n\n\n\n<h1 class=\"wp-block-heading has-large-font-size\">Servicios integrales. Innovaci\u00f3n y calidad para tus proyectos.<\/h1>\n\n\n\n<p>En Santander, Cantabria, contar\u00e1s con servicios integrales que abarcan rehabilitaci\u00f3n, mantenimiento y soluciones personalizadas para viviendas, oficinas y naves industriales. Nos especializamos en proyectos a medida, combinando innovaci\u00f3n, materiales de calidad y una ejecuci\u00f3n profesional.<\/p>\n\n\n\n<p>Garantizamos resultados que cumplen con los plazos y las expectativas de nuestros clientes, adapt\u00e1ndonos a cada necesidad espec\u00edfica.<\/p>\n\n\n\n<h2 class=\"wp-block-heading\">Proyectos de construcci\u00f3n. Soluciones completas en Cantabria.<\/h2>\n\n\n\n<p>Nuestro equipo tiene experiencia en proyectos de construcci\u00f3n, desde obras nuevas hasta ampliaciones y remodelaciones. Dise\u00f1amos espacios funcionales y modernos que cumplen con los m\u00e1s altos est\u00e1ndares de calidad. Nos aseguramos de que cada detalle est\u00e9 cuidadosamente planificado y ejecutado, logrando resultados que superen las expectativas.<\/p>\n\n\n\n<h2 class=\"wp-block-heading\">Reforma integral de pisos. Calidad y eficiencia garantizadas.<\/h2>\n\n\n\n<p>Ofrecemos servicios de reforma integral para transformar completamente tu espacio. Ya sea en viviendas, oficinas o naves industriales, trabajamos para crear ambientes renovados, funcionales y est\u00e9ticamente atractivos. Nuestro equipo coordina cada etapa del proyecto, optimizando tiempos y costes.<\/p>\n\n\n\n<h2 class=\"wp-block-heading\">Soluciones de construcci\u00f3n y rehabilitaci\u00f3n en Cantabria.<\/h2>\n\n\n\n<p>En Servicios Integrales Altamira se ofrecen los servicios que a continuaci\u00f3n se detallan. Realizamos proyectos de construcci\u00f3n, mantenimiento y reformas adaptados a tus necesidades. Ofrecemos rehabilitaci\u00f3n de fachadas, reparaciones estructurales y ampliaciones de espacios, asegurando calidad y cumplimiento de plazos.<\/p>\n\n\n\n<p>Trabajamos en toda Cantabria, garantizando soluciones profesionales a precios competitivos. Solicita tu presupuesto personalizado y conf\u00eda en nuestro equipo para llevar a cabo tus proyectos con \u00e9xito.<\/p>\n\n\n\n<ul class=\"wp-block-list\">\n<li>Construcci\u00f3n, Reforma y Rehabilitaci\u00f3n<\/li>\n\n\n\n<li>Rehabilitaci\u00f3n y reparaci\u00f3n de fachadas<\/li>\n\n\n\n<li>Construcci\u00f3n y reparaci\u00f3n de Tejados<\/li>\n\n\n\n<li>Rehabilitaci\u00f3n integral de viviendas<\/li>\n\n\n\n<li>Reforma y rehabilitaci\u00f3n de locales comerciales y oficinas<\/li>\n\n\n\n<li>Reparaciones estructurales de hormig\u00f3n<\/li>\n\n\n\n<li>Mantenimiento de comunidades<\/li>\n\n\n\n<li>Mantenimiento de empresas<\/li>\n\n\n\n<li>Construcci\u00f3n , Rehabilitaci\u00f3n y reforma de naves industriales<\/li>\n\n\n\n<li>Ampliaci\u00f3n de edificios industriales y f\u00e1bricas<\/li>\n\n\n\n<li>Obras de Accesibilidad<\/li>\n\n\n\n<li>Instalaci\u00f3n de Ascensores y salva-escalera<\/li>\n\n\n\n<li>Soluciones de foso reducido<\/li>\n\n\n\n<li>Ascensores a cota 0<\/li>\n\n\n\n<li>Soluciones para edificios sin ascensor<\/li>\n\n\n\n<li>Especialistas en humedades y goteras<\/li>\n\n\n\n<li>Coordinaci\u00f3n de gremios<\/li>\n\n\n\n<li>Boletines de Agua, electricidad y calefacci\u00f3n<\/li>\n<\/ul>\n\n\n\n<h2 class=\"wp-block-heading\">Ventajas de nuestras soluciones integrales.<\/h2>\n\n\n\n<p>En Servicios Integrales Altamira contamos con m\u00e1s de una d\u00e9cada de experiencia en el sector de la construcci\u00f3n, reformas y rehabilitaci\u00f3n. Ofrecemos soluciones personalizadas que se adaptan a cada cliente, garantizando resultados de calidad y acabados impecables.<\/p>\n\n\n\n<p>Nuestro equipo est\u00e1 formado por profesionales cualificados, lo que nos permite cumplir con plazos establecidos y asegurar la m\u00e1xima satisfacci\u00f3n.<\/p>\n\n\n\n<h2 class=\"wp-block-heading\">Nuestra experiencia y casos de \u00e9xito.<\/h2>\n\n\n\n<p>Hemos desarrollado proyectos destacados en Cantabria, como rehabilitaciones de viviendas, ampliaciones de naves industriales y reparaciones de fachadas en edificios hist\u00f3ricos.<\/p>\n\n\n\n<p>Gracias a nuestro compromiso con la excelencia, hemos consolidado una s\u00f3lida reputaci\u00f3n en Santander, Torrelavega y toda la regi\u00f3n. Conf\u00eda en nosotros para transformar tus espacios con soluciones innovadoras, materiales de primera calidad y precios ajustados. Cont\u00e1ctanos para conocer c\u00f3mo podemos ayudarte con tu proyecto.<\/p>\n\n\n\n<p><strong>Obt\u00e9n un presupuesto personalizado y transforma tu espacio con soluciones profesionales y econ\u00f3micas.<\/strong><\/p>\n","protected":false},"excerpt":{"rendered":"<p>Servicios integrales. Innovaci\u00f3n y calidad para tus proyectos. En Santander, Cantabria, contar\u00e1s con servicios integrales que abarcan rehabilitaci\u00f3n, mantenimiento y soluciones personalizadas para viviendas, oficinas y naves industriales. Nos especializamos en proyectos a medida, combinando innovaci\u00f3n, materiales de calidad y una ejecuci\u00f3n profesional. Garantizamos resultados que cumplen con los plazos y las expectativas de nuestros&hellip; <a class=\"more-link\" href=\"https:\/\/sialtamira.com\/?page_id=11\">Seguir leyendo <span class=\"screen-reader-text\">Servicios<\/span><\/a><\/p>\n","protected":false},"author":1,"featured_media":0,"parent":0,"menu_order":0,"comment_status":"closed","ping_status":"open","template":"","meta":{"footnotes":""},"class_list":["post-11","page","type-page","status-publish","hentry","entry"],"yoast_head":"<!-- This site is optimized with the Yoast SEO plugin v27.4 - https:\/\/yoast.com\/product\/yoast-seo-wordpress\/ -->\n<title>Servicios - Reformas Construcci\u00f3n Santander Torrelavega Cantabria Altamira<\/title>\n<meta name=\"robots\" content=\"index, follow, max-snippet:-1, max-image-preview:large, max-video-preview:-1\" \/>\n<link rel=\"canonical\" href=\"https:\/\/sialtamira.com\/?page_id=11\" \/>\n<meta property=\"og:locale\" content=\"es_ES\" \/>\n<meta property=\"og:type\" content=\"article\" \/>\n<meta property=\"og:title\" content=\"Servicios - Reformas Construcci\u00f3n Santander Torrelavega Cantabria Altamira\" \/>\n<meta property=\"og:description\" content=\"Servicios integrales. Innovaci\u00f3n y calidad para tus proyectos. En Santander, Cantabria, contar\u00e1s con servicios integrales que abarcan rehabilitaci\u00f3n, mantenimiento y soluciones personalizadas para viviendas, oficinas y naves industriales. Nos especializamos en proyectos a medida, combinando innovaci\u00f3n, materiales de calidad y una ejecuci\u00f3n profesional. Garantizamos resultados que cumplen con los plazos y las expectativas de nuestros&hellip; Seguir leyendo Servicios\" \/>\n<meta property=\"og:url\" content=\"https:\/\/sialtamira.com\/?page_id=11\" \/>\n<meta property=\"og:site_name\" content=\"Reformas Construcci\u00f3n Santander Torrelavega Cantabria Altamira\" \/>\n<meta property=\"article:modified_time\" content=\"2025-11-26T22:06:51+00:00\" \/>\n<meta property=\"og:image\" content=\"http:\/\/sialtamira.com\/wp-content\/uploads\/2016\/05\/images-2-e1493320256586.jpg\" \/>\n<meta name=\"twitter:card\" content=\"summary_large_image\" \/>\n<meta name=\"twitter:label1\" content=\"Tiempo de lectura\" \/>\n\t<meta name=\"twitter:data1\" content=\"3 minutos\" \/>\n<script type=\"application\/ld+json\" class=\"yoast-schema-graph\">{\"@context\":\"https:\\\/\\\/schema.org\",\"@graph\":[{\"@type\":\"WebPage\",\"@id\":\"https:\\\/\\\/sialtamira.com\\\/?page_id=11\",\"url\":\"https:\\\/\\\/sialtamira.com\\\/?page_id=11\",\"name\":\"Servicios - Reformas Construcci\u00f3n Santander Torrelavega Cantabria Altamira\",\"isPartOf\":{\"@id\":\"https:\\\/\\\/sialtamira.com\\\/#website\"},\"primaryImageOfPage\":{\"@id\":\"https:\\\/\\\/sialtamira.com\\\/?page_id=11#primaryimage\"},\"image\":{\"@id\":\"https:\\\/\\\/sialtamira.com\\\/?page_id=11#primaryimage\"},\"thumbnailUrl\":\"http:\\\/\\\/sialtamira.com\\\/wp-content\\\/uploads\\\/2016\\\/05\\\/images-2-e1493320256586.jpg\",\"datePublished\":\"2016-05-14T21:23:36+00:00\",\"dateModified\":\"2025-11-26T22:06:51+00:00\",\"breadcrumb\":{\"@id\":\"https:\\\/\\\/sialtamira.com\\\/?page_id=11#breadcrumb\"},\"inLanguage\":\"es\",\"potentialAction\":[{\"@type\":\"ReadAction\",\"target\":[\"https:\\\/\\\/sialtamira.com\\\/?page_id=11\"]}]},{\"@type\":\"ImageObject\",\"inLanguage\":\"es\",\"@id\":\"https:\\\/\\\/sialtamira.com\\\/?page_id=11#primaryimage\",\"url\":\"http:\\\/\\\/sialtamira.com\\\/wp-content\\\/uploads\\\/2016\\\/05\\\/images-2-e1493320256586.jpg\",\"contentUrl\":\"http:\\\/\\\/sialtamira.com\\\/wp-content\\\/uploads\\\/2016\\\/05\\\/images-2-e1493320256586.jpg\"},{\"@type\":\"BreadcrumbList\",\"@id\":\"https:\\\/\\\/sialtamira.com\\\/?page_id=11#breadcrumb\",\"itemListElement\":[{\"@type\":\"ListItem\",\"position\":1,\"name\":\"Portada\",\"item\":\"https:\\\/\\\/sialtamira.com\\\/\"},{\"@type\":\"ListItem\",\"position\":2,\"name\":\"Servicios\"}]},{\"@type\":\"WebSite\",\"@id\":\"https:\\\/\\\/sialtamira.com\\\/#website\",\"url\":\"https:\\\/\\\/sialtamira.com\\\/\",\"name\":\"Reformas Construcci\u00f3n Santander Torrelavega Cantabria Altamira\",\"description\":\"CONSTRUCCI\u00d3N REFORMAS REHABILITACI\u00d3N\",\"potentialAction\":[{\"@type\":\"SearchAction\",\"target\":{\"@type\":\"EntryPoint\",\"urlTemplate\":\"https:\\\/\\\/sialtamira.com\\\/?s={search_term_string}\"},\"query-input\":{\"@type\":\"PropertyValueSpecification\",\"valueRequired\":true,\"valueName\":\"search_term_string\"}}],\"inLanguage\":\"es\"}]}<\/script>\n<!-- \/ Yoast SEO plugin. -->","yoast_head_json":{"title":"Servicios - Reformas Construcci\u00f3n Santander Torrelavega Cantabria Altamira","robots":{"index":"index","follow":"follow","max-snippet":"max-snippet:-1","max-image-preview":"max-image-preview:large","max-video-preview":"max-video-preview:-1"},"canonical":"https:\/\/sialtamira.com\/?page_id=11","og_locale":"es_ES","og_type":"article","og_title":"Servicios - Reformas Construcci\u00f3n Santander Torrelavega Cantabria Altamira","og_description":"Servicios integrales. Innovaci\u00f3n y calidad para tus proyectos. En Santander, Cantabria, contar\u00e1s con servicios integrales que abarcan rehabilitaci\u00f3n, mantenimiento y soluciones personalizadas para viviendas, oficinas y naves industriales. Nos especializamos en proyectos a medida, combinando innovaci\u00f3n, materiales de calidad y una ejecuci\u00f3n profesional. Garantizamos resultados que cumplen con los plazos y las expectativas de nuestros&hellip; Seguir leyendo Servicios","og_url":"https:\/\/sialtamira.com\/?page_id=11","og_site_name":"Reformas Construcci\u00f3n Santander Torrelavega Cantabria Altamira","article_modified_time":"2025-11-26T22:06:51+00:00","og_image":[{"url":"http:\/\/sialtamira.com\/wp-content\/uploads\/2016\/05\/images-2-e1493320256586.jpg","type":"","width":"","height":""}],"twitter_card":"summary_large_image","twitter_misc":{"Tiempo de lectura":"3 minutos"},"schema":{"@context":"https:\/\/schema.org","@graph":[{"@type":"WebPage","@id":"https:\/\/sialtamira.com\/?page_id=11","url":"https:\/\/sialtamira.com\/?page_id=11","name":"Servicios - Reformas Construcci\u00f3n Santander Torrelavega Cantabria Altamira","isPartOf":{"@id":"https:\/\/sialtamira.com\/#website"},"primaryImageOfPage":{"@id":"https:\/\/sialtamira.com\/?page_id=11#primaryimage"},"image":{"@id":"https:\/\/sialtamira.com\/?page_id=11#primaryimage"},"thumbnailUrl":"http:\/\/sialtamira.com\/wp-content\/uploads\/2016\/05\/images-2-e1493320256586.jpg","datePublished":"2016-05-14T21:23:36+00:00","dateModified":"2025-11-26T22:06:51+00:00","breadcrumb":{"@id":"https:\/\/sialtamira.com\/?page_id=11#breadcrumb"},"inLanguage":"es","potentialAction":[{"@type":"ReadAction","target":["https:\/\/sialtamira.com\/?page_id=11"]}]},{"@type":"ImageObject","inLanguage":"es","@id":"https:\/\/sialtamira.com\/?page_id=11#primaryimage","url":"http:\/\/sialtamira.com\/wp-content\/uploads\/2016\/05\/images-2-e1493320256586.jpg","contentUrl":"http:\/\/sialtamira.com\/wp-content\/uploads\/2016\/05\/images-2-e1493320256586.jpg"},{"@type":"BreadcrumbList","@id":"https:\/\/sialtamira.com\/?page_id=11#breadcrumb","itemListElement":[{"@type":"ListItem","position":1,"name":"Portada","item":"https:\/\/sialtamira.com\/"},{"@type":"ListItem","position":2,"name":"Servicios"}]},{"@type":"WebSite","@id":"https:\/\/sialtamira.com\/#website","url":"https:\/\/sialtamira.com\/","name":"Reformas Construcci\u00f3n Santander Torrelavega Cantabria Altamira","description":"CONSTRUCCI\u00d3N REFORMAS REHABILITACI\u00d3N","potentialAction":[{"@type":"SearchAction","target":{"@type":"EntryPoint","urlTemplate":"https:\/\/sialtamira.com\/?s={search_term_string}"},"query-input":{"@type":"PropertyValueSpecification","valueRequired":true,"valueName":"search_term_string"}}],"inLanguage":"es"}]}},"_links":{"self":[{"href":"https:\/\/sialtamira.com\/index.php?rest_route=\/wp\/v2\/pages\/11","targetHints":{"allow":["GET"]}}],"collection":[{"href":"https:\/\/sialtamira.com\/index.php?rest_route=\/wp\/v2\/pages"}],"about":[{"href":"https:\/\/sialtamira.com\/index.php?rest_route=\/wp\/v2\/types\/page"}],"author":[{"embeddable":true,"href":"https:\/\/sialtamira.com\/index.php?rest_route=\/wp\/v2\/users\/1"}],"replies":[{"embeddable":true,"href":"https:\/\/sialtamira.com\/index.php?rest_route=%2Fwp%2Fv2%2Fcomments&post=11"}],"version-history":[{"count":16,"href":"https:\/\/sialtamira.com\/index.php?rest_route=\/wp\/v2\/pages\/11\/revisions"}],"predecessor-version":[{"id":366,"href":"https:\/\/sialtamira.com\/index.php?rest_route=\/wp\/v2\/pages\/11\/revisions\/366"}],"wp:attachment":[{"href":"https:\/\/sialtamira.com\/index.php?rest_route=%2Fwp%2Fv2%2Fmedia&parent=11"}],"curies":[{"name":"wp","href":"https:\/\/api.w.org\/{rel}","templated":true}]}}